{"id":327,"date":"2025-07-18T13:38:11","date_gmt":"2025-07-18T16:38:11","guid":{"rendered":"https:\/\/www2.tc.df.gov.br\/escon\/?page_id=327"},"modified":"2025-07-28T15:28:10","modified_gmt":"2025-07-28T18:28:10","slug":"infraestrutura","status":"publish","type":"page","link":"https:\/\/www2.tc.df.gov.br\/escon\/infraestrutura\/","title":{"rendered":"Infraestrutura"},"content":{"rendered":"\t\t<div data-elementor-type=\"wp-page\" data-elementor-id=\"327\" class=\"elementor elementor-327\" data-elementor-post-type=\"page\">\n\t\t\t\t<div class=\"elementor-element elementor-element-4a1bd1c e-flex e-con-boxed e-con e-parent\" data-id=\"4a1bd1c\" data-element_type=\"container\">\n\t\t\t\t\t<div class=\"e-con-inner\">\n\t\t\t\t<div class=\"elementor-element elementor-element-be71608 elementor-widget elementor-widget-text-editor\" data-id=\"be71608\" data-element_type=\"widget\" data-widget_type=\"text-editor.default\">\n\t\t\t\t<div class=\"elementor-widget-container\">\n\t\t\t\t\t\t\t\t\t<p>A Escola de Contas P\u00fablicas do Tribunal de Contas do Distrito Federal (Escon) disp\u00f5e de estrutura pr\u00f3pria, planejada para garantir <strong>conforto<\/strong>,<strong> funcionalidade <\/strong>e<strong> qualidade<\/strong> em suas atividades formativas. O espa\u00e7o conta com <strong>quatro salas de aula<\/strong> equipadas, um <strong>laborat\u00f3rio de inform\u00e1tica<\/strong> e <strong>ambientes de apoio<\/strong> ao ensino e \u00e0 gest\u00e3o do conhecimento.<\/p><p>Al\u00e9m disso, a Escon faz uso de instala\u00e7\u00f5es do pr\u00f3prio TCDF, como o <strong>Audit\u00f3rio<\/strong> e a <strong>Biblioteca Cyro dos Anjos<\/strong>, integrando recursos institucionais \u00e0 sua rotina educacional. A biblioteca, incorporada \u00e0 Escola em 2014, est\u00e1 localizada no t\u00e9rreo do Edif\u00edcio Pal\u00e1cio Costa e Silva e constitui importante suporte \u00e0s a\u00e7\u00f5es de pesquisa, capacita\u00e7\u00e3o e consulta t\u00e9cnica.<\/p><p>A Escola tamb\u00e9m firma <strong>parcerias<\/strong> com <strong>outras institui\u00e7\u00f5es de ensino<\/strong> e <strong>treinamento<\/strong>, o que permite a realiza\u00e7\u00e3o de atividades formativas em diferentes ambientes e com o apoio de infraestrutura complementar.<\/p><p>A sede da Escon est\u00e1 situada no Setor de Garagens Oficiais Norte \u2013 SGON, Quadra 01, Lote 226, em frente \u00e0 Escola de Governo do Governo do Distrito Federal (GDF).<\/p>\t\t\t\t\t\t\t\t<\/div>\n\t\t\t\t<\/div>\n\t\t\t\t\t<\/div>\n\t\t\t\t<\/div>\n\t\t<div class=\"elementor-element elementor-element-7c91f8e e-flex e-con-boxed e-con e-parent\" data-id=\"7c91f8e\" data-element_type=\"container\">\n\t\t\t\t\t<div class=\"e-con-inner\">\n\t\t\t\t<div class=\"elementor-element elementor-element-c59f23f elementor-pagination-position-inside elementor-arrows-position-inside elementor-widget elementor-widget-image-carousel\" data-id=\"c59f23f\" data-element_type=\"widget\" data-settings=\"{&quot;slides_to_show&quot;:&quot;1&quot;,&quot;navigation&quot;:&quot;both&quot;,&quot;autoplay&quot;:&quot;yes&quot;,&quot;pause_on_hover&quot;:&quot;yes&quot;,&quot;pause_on_interaction&quot;:&quot;yes&quot;,&quot;autoplay_speed&quot;:5000,&quot;infinite&quot;:&quot;yes&quot;,&quot;effect&quot;:&quot;slide&quot;,&quot;speed&quot;:500}\" data-widget_type=\"image-carousel.default\">\n\t\t\t\t<div class=\"elementor-widget-container\">\n\t\t\t\t\t\t\t<div class=\"elementor-image-carousel-wrapper swiper\" role=\"region\" aria-roledescription=\"carousel\" aria-label=\"Carrossel de imagens\" dir=\"ltr\">\n\t\t\t<div class=\"elementor-image-carousel swiper-wrapper swiper-image-stretch\" aria-live=\"off\">\n\t\t\t\t\t\t\t\t<div class=\"swiper-slide\" role=\"group\" aria-roledescription=\"slide\" aria-label=\"1 de 3\"><figure class=\"swiper-slide-inner\"><img decoding=\"async\" class=\"swiper-slide-image\" src=\"https:\/\/www2.tc.df.gov.br\/escon\/wp-content\/uploads\/sites\/10\/2025\/07\/Image-2-768x576.jpg\" alt=\"Image (2)\" \/><\/figure><\/div><div class=\"swiper-slide\" role=\"group\" aria-roledescription=\"slide\" aria-label=\"2 de 3\"><figure class=\"swiper-slide-inner\"><img decoding=\"async\" class=\"swiper-slide-image\" src=\"https:\/\/www2.tc.df.gov.br\/escon\/wp-content\/uploads\/sites\/10\/2025\/07\/Image-3-768x576.jpg\" alt=\"Image (3)\" \/><\/figure><\/div><div class=\"swiper-slide\" role=\"group\" aria-roledescription=\"slide\" aria-label=\"3 de 3\"><figure class=\"swiper-slide-inner\"><img decoding=\"async\" class=\"swiper-slide-image\" src=\"https:\/\/www2.tc.df.gov.br\/escon\/wp-content\/uploads\/sites\/10\/2025\/07\/Image-4-768x576.jpg\" alt=\"Image (4)\" \/><\/figure><\/div>\t\t\t<\/div>\n\t\t\t\t\t\t\t\t\t\t\t\t<div class=\"elementor-swiper-button elementor-swiper-button-prev\" role=\"button\" tabindex=\"0\">\n\t\t\t\t\t\t<svg aria-hidden=\"true\" class=\"e-font-icon-svg e-eicon-chevron-left\" viewBox=\"0 0 1000 1000\" xmlns=\"http:\/\/www.w3.org\/2000\/svg\"><path d=\"M646 125C629 125 613 133 604 142L308 442C296 454 292 471 292 487 292 504 296 521 308 533L604 854C617 867 629 875 646 875 663 875 679 871 692 858 704 846 713 829 713 812 713 796 708 779 692 767L438 487 692 225C700 217 708 204 708 187 708 171 704 154 692 142 675 129 663 125 646 125Z\"><\/path><\/svg>\t\t\t\t\t<\/div>\n\t\t\t\t\t<div class=\"elementor-swiper-button elementor-swiper-button-next\" role=\"button\" tabindex=\"0\">\n\t\t\t\t\t\t<svg aria-hidden=\"true\" class=\"e-font-icon-svg e-eicon-chevron-right\" viewBox=\"0 0 1000 1000\" xmlns=\"http:\/\/www.w3.org\/2000\/svg\"><path d=\"M696 533C708 521 713 504 713 487 713 471 708 454 696 446L400 146C388 133 375 125 354 125 338 125 325 129 313 142 300 154 292 171 292 187 292 204 296 221 308 233L563 492 304 771C292 783 288 800 288 817 288 833 296 850 308 863 321 871 338 875 354 875 371 875 388 867 400 854L696 533Z\"><\/path><\/svg>\t\t\t\t\t<\/div>\n\t\t\t\t\n\t\t\t\t\t\t\t\t\t<div class=\"swiper-pagination\"><\/div>\n\t\t\t\t\t\t\t\t\t<\/div>\n\t\t\t\t\t\t<\/div>\n\t\t\t\t<\/div>\n\t\t\t\t\t<\/div>\n\t\t\t\t<\/div>\n\t\t<div class=\"elementor-element elementor-element-493f105 e-flex e-con-boxed e-con e-parent\" data-id=\"493f105\" data-element_type=\"container\">\n\t\t\t\t\t<div class=\"e-con-inner\">\n\t\t\t\t<div class=\"elementor-element elementor-element-49cdfc3 elementor-widget elementor-widget-image-gallery\" data-id=\"49cdfc3\" data-element_type=\"widget\" data-widget_type=\"image-gallery.default\">\n\t\t\t\t<div class=\"elementor-widget-container\">\n\t\t\t\t\t\t\t<div class=\"elementor-image-gallery\">\n\t\t\t<div id='gallery-1' class='gallery galleryid-327 gallery-columns-3 gallery-size-medium'><figure class='gallery-item'>\n\t\t\t<div class='gallery-icon landscape'>\n\t\t\t\t<a data-elementor-open-lightbox=\"yes\" data-elementor-lightbox-slideshow=\"49cdfc3\" data-elementor-lightbox-title=\"Image (2)\" data-e-action-hash=\"#elementor-action%3Aaction%3Dlightbox%26settings%3DeyJpZCI6NjExLCJ1cmwiOiJodHRwczpcL1wvd3d3Mi50Yy5kZi5nb3YuYnJcL2VzY29uXC93cC1jb250ZW50XC91cGxvYWRzXC9zaXRlc1wvMTBcLzIwMjVcLzA3XC9JbWFnZS0yLXNjYWxlZC5qcGciLCJzbGlkZXNob3ciOiI0OWNkZmMzIn0%3D\" href='https:\/\/www2.tc.df.gov.br\/escon\/wp-content\/uploads\/sites\/10\/2025\/07\/Image-2-scaled.jpg'><img fetchpriority=\"high\" decoding=\"async\" width=\"300\" height=\"225\" src=\"https:\/\/www2.tc.df.gov.br\/escon\/wp-content\/uploads\/sites\/10\/2025\/07\/Image-2-300x225.jpg\" class=\"attachment-medium size-medium\" alt=\"\" srcset=\"https:\/\/www2.tc.df.gov.br\/escon\/wp-content\/uploads\/sites\/10\/2025\/07\/Image-2-300x225.jpg 300w, https:\/\/www2.tc.df.gov.br\/escon\/wp-content\/uploads\/sites\/10\/2025\/07\/Image-2-1024x768.jpg 1024w, https:\/\/www2.tc.df.gov.br\/escon\/wp-content\/uploads\/sites\/10\/2025\/07\/Image-2-768x576.jpg 768w, https:\/\/www2.tc.df.gov.br\/escon\/wp-content\/uploads\/sites\/10\/2025\/07\/Image-2-1536x1152.jpg 1536w, https:\/\/www2.tc.df.gov.br\/escon\/wp-content\/uploads\/sites\/10\/2025\/07\/Image-2-2048x1536.jpg 2048w, https:\/\/www2.tc.df.gov.br\/escon\/wp-content\/uploads\/sites\/10\/2025\/07\/Image-2-560x420.jpg 560w, https:\/\/www2.tc.df.gov.br\/escon\/wp-content\/uploads\/sites\/10\/2025\/07\/Image-2-80x60.jpg 80w, https:\/\/www2.tc.df.gov.br\/escon\/wp-content\/uploads\/sites\/10\/2025\/07\/Image-2-696x522.jpg 696w, https:\/\/www2.tc.df.gov.br\/escon\/wp-content\/uploads\/sites\/10\/2025\/07\/Image-2-1068x801.jpg 1068w, https:\/\/www2.tc.df.gov.br\/escon\/wp-content\/uploads\/sites\/10\/2025\/07\/Image-2-265x198.jpg 265w\" sizes=\"(max-width: 300px) 100vw, 300px\" \/><\/a>\n\t\t\t<\/div><\/figure><figure class='gallery-item'>\n\t\t\t<div class='gallery-icon landscape'>\n\t\t\t\t<a data-elementor-open-lightbox=\"yes\" data-elementor-lightbox-slideshow=\"49cdfc3\" data-elementor-lightbox-title=\"Image (3)\" data-e-action-hash=\"#elementor-action%3Aaction%3Dlightbox%26settings%3DeyJpZCI6NjEyLCJ1cmwiOiJodHRwczpcL1wvd3d3Mi50Yy5kZi5nb3YuYnJcL2VzY29uXC93cC1jb250ZW50XC91cGxvYWRzXC9zaXRlc1wvMTBcLzIwMjVcLzA3XC9JbWFnZS0zLXNjYWxlZC5qcGciLCJzbGlkZXNob3ciOiI0OWNkZmMzIn0%3D\" href='https:\/\/www2.tc.df.gov.br\/escon\/wp-content\/uploads\/sites\/10\/2025\/07\/Image-3-scaled.jpg'><img decoding=\"async\" width=\"300\" height=\"225\" src=\"https:\/\/www2.tc.df.gov.br\/escon\/wp-content\/uploads\/sites\/10\/2025\/07\/Image-3-300x225.jpg\" class=\"attachment-medium size-medium\" alt=\"\" srcset=\"https:\/\/www2.tc.df.gov.br\/escon\/wp-content\/uploads\/sites\/10\/2025\/07\/Image-3-300x225.jpg 300w, https:\/\/www2.tc.df.gov.br\/escon\/wp-content\/uploads\/sites\/10\/2025\/07\/Image-3-1024x768.jpg 1024w, https:\/\/www2.tc.df.gov.br\/escon\/wp-content\/uploads\/sites\/10\/2025\/07\/Image-3-768x576.jpg 768w, https:\/\/www2.tc.df.gov.br\/escon\/wp-content\/uploads\/sites\/10\/2025\/07\/Image-3-1536x1152.jpg 1536w, https:\/\/www2.tc.df.gov.br\/escon\/wp-content\/uploads\/sites\/10\/2025\/07\/Image-3-2048x1536.jpg 2048w, https:\/\/www2.tc.df.gov.br\/escon\/wp-content\/uploads\/sites\/10\/2025\/07\/Image-3-560x420.jpg 560w, https:\/\/www2.tc.df.gov.br\/escon\/wp-content\/uploads\/sites\/10\/2025\/07\/Image-3-80x60.jpg 80w, https:\/\/www2.tc.df.gov.br\/escon\/wp-content\/uploads\/sites\/10\/2025\/07\/Image-3-696x522.jpg 696w, https:\/\/www2.tc.df.gov.br\/escon\/wp-content\/uploads\/sites\/10\/2025\/07\/Image-3-1068x801.jpg 1068w, https:\/\/www2.tc.df.gov.br\/escon\/wp-content\/uploads\/sites\/10\/2025\/07\/Image-3-265x198.jpg 265w\" sizes=\"(max-width: 300px) 100vw, 300px\" \/><\/a>\n\t\t\t<\/div><\/figure><figure class='gallery-item'>\n\t\t\t<div class='gallery-icon landscape'>\n\t\t\t\t<a data-elementor-open-lightbox=\"yes\" data-elementor-lightbox-slideshow=\"49cdfc3\" data-elementor-lightbox-title=\"Image (4)\" data-e-action-hash=\"#elementor-action%3Aaction%3Dlightbox%26settings%3DeyJpZCI6NjEzLCJ1cmwiOiJodHRwczpcL1wvd3d3Mi50Yy5kZi5nb3YuYnJcL2VzY29uXC93cC1jb250ZW50XC91cGxvYWRzXC9zaXRlc1wvMTBcLzIwMjVcLzA3XC9JbWFnZS00LXNjYWxlZC5qcGciLCJzbGlkZXNob3ciOiI0OWNkZmMzIn0%3D\" href='https:\/\/www2.tc.df.gov.br\/escon\/wp-content\/uploads\/sites\/10\/2025\/07\/Image-4-scaled.jpg'><img decoding=\"async\" width=\"300\" height=\"225\" src=\"https:\/\/www2.tc.df.gov.br\/escon\/wp-content\/uploads\/sites\/10\/2025\/07\/Image-4-300x225.jpg\" class=\"attachment-medium size-medium\" alt=\"\" srcset=\"https:\/\/www2.tc.df.gov.br\/escon\/wp-content\/uploads\/sites\/10\/2025\/07\/Image-4-300x225.jpg 300w, https:\/\/www2.tc.df.gov.br\/escon\/wp-content\/uploads\/sites\/10\/2025\/07\/Image-4-1024x768.jpg 1024w, https:\/\/www2.tc.df.gov.br\/escon\/wp-content\/uploads\/sites\/10\/2025\/07\/Image-4-768x576.jpg 768w, https:\/\/www2.tc.df.gov.br\/escon\/wp-content\/uploads\/sites\/10\/2025\/07\/Image-4-1536x1152.jpg 1536w, https:\/\/www2.tc.df.gov.br\/escon\/wp-content\/uploads\/sites\/10\/2025\/07\/Image-4-2048x1536.jpg 2048w, https:\/\/www2.tc.df.gov.br\/escon\/wp-content\/uploads\/sites\/10\/2025\/07\/Image-4-560x420.jpg 560w, https:\/\/www2.tc.df.gov.br\/escon\/wp-content\/uploads\/sites\/10\/2025\/07\/Image-4-80x60.jpg 80w, https:\/\/www2.tc.df.gov.br\/escon\/wp-content\/uploads\/sites\/10\/2025\/07\/Image-4-696x522.jpg 696w, https:\/\/www2.tc.df.gov.br\/escon\/wp-content\/uploads\/sites\/10\/2025\/07\/Image-4-1068x801.jpg 1068w, https:\/\/www2.tc.df.gov.br\/escon\/wp-content\/uploads\/sites\/10\/2025\/07\/Image-4-265x198.jpg 265w\" sizes=\"(max-width: 300px) 100vw, 300px\" \/><\/a>\n\t\t\t<\/div><\/figure>\n\t\t<\/div>\n\t\t<\/div>\n\t\t\t\t\t\t<\/div>\n\t\t\t\t<\/div>\n\t\t\t\t\t<\/div>\n\t\t\t\t<\/div>\n\t\t\t\t<\/div>\n\t\t","protected":false},"excerpt":{"rendered":"<p>A Escola de Contas P\u00fablicas do Tribunal de Contas do Distrito Federal (Escon) disp\u00f5e de estrutura pr\u00f3pria, planejada para garantir conforto, funcionalidade e qualidade em suas atividades formativas. O espa\u00e7o [&hellip;]<\/p>\n","protected":false},"author":136,"featured_media":0,"parent":0,"menu_order":0,"comment_status":"closed","ping_status":"closed","template":"","meta":{"_relevanssi_hide_post":"","_relevanssi_hide_content":"","_relevanssi_pin_for_all":"","_relevanssi_pin_keywords":"","_relevanssi_unpin_keywords":"","_relevanssi_related_keywords":"","_relevanssi_related_include_ids":"","_relevanssi_related_exclude_ids":"","_relevanssi_related_no_append":"","_relevanssi_related_not_related":"","_relevanssi_related_posts":"","_relevanssi_noindex_reason":"","footnotes":""},"class_list":["post-327","page","type-page","status-publish"],"_links":{"self":[{"href":"https:\/\/www2.tc.df.gov.br\/escon\/wp-json\/wp\/v2\/pages\/327","targetHints":{"allow":["GET"]}}],"collection":[{"href":"https:\/\/www2.tc.df.gov.br\/escon\/wp-json\/wp\/v2\/pages"}],"about":[{"href":"https:\/\/www2.tc.df.gov.br\/escon\/wp-json\/wp\/v2\/types\/page"}],"author":[{"embeddable":true,"href":"https:\/\/www2.tc.df.gov.br\/escon\/wp-json\/wp\/v2\/users\/136"}],"replies":[{"embeddable":true,"href":"https:\/\/www2.tc.df.gov.br\/escon\/wp-json\/wp\/v2\/comments?post=327"}],"version-history":[{"count":59,"href":"https:\/\/www2.tc.df.gov.br\/escon\/wp-json\/wp\/v2\/pages\/327\/revisions"}],"predecessor-version":[{"id":720,"href":"https:\/\/www2.tc.df.gov.br\/escon\/wp-json\/wp\/v2\/pages\/327\/revisions\/720"}],"wp:attachment":[{"href":"https:\/\/www2.tc.df.gov.br\/escon\/wp-json\/wp\/v2\/media?parent=327"}],"curies":[{"name":"wp","href":"https:\/\/api.w.org\/{rel}","templated":true}]}}