{"id":536,"date":"2025-07-18T13:37:34","date_gmt":"2025-07-18T16:37:34","guid":{"rendered":"https:\/\/www2.tc.df.gov.br\/escon\/?page_id=536"},"modified":"2025-07-18T13:37:40","modified_gmt":"2025-07-18T16:37:40","slug":"educacao-corporativa","status":"publish","type":"page","link":"https:\/\/www2.tc.df.gov.br\/escon\/educacao-corporativa\/","title":{"rendered":"Educa\u00e7\u00e3o Corporativa"},"content":{"rendered":"\t\t<div data-elementor-type=\"wp-page\" data-elementor-id=\"536\" class=\"elementor elementor-536\" data-elementor-post-type=\"page\">\n\t\t\t\t<div class=\"elementor-element elementor-element-9c78bac e-flex e-con-boxed e-con e-parent\" data-id=\"9c78bac\" data-element_type=\"container\">\n\t\t\t\t\t<div class=\"e-con-inner\">\n\t\t\t\t<div class=\"elementor-element elementor-element-e1b22cc elementor-widget elementor-widget-text-editor\" data-id=\"e1b22cc\" data-element_type=\"widget\" data-widget_type=\"text-editor.default\">\n\t\t\t\t<div class=\"elementor-widget-container\">\n\t\t\t\t\t\t\t\t\t<p>A Coordenadoria de Educa\u00e7\u00e3o Corporativa (Ceduc) \u00e9 a unidade respons\u00e1vel por planejar e executar as a\u00e7\u00f5es de forma\u00e7\u00e3o e desenvolvimento da Escola de Contas. Seu trabalho est\u00e1 alinhado aos objetivos estrat\u00e9gicos do Tribunal de Contas do Distrito Federal (TCDF).<\/p><p>Para isso, identifica as necessidades de aprendizagem dos servidores e organiza programas educacionais, com o apoio de duas unidades:<\/p><ul><li>Supervis\u00e3o de A\u00e7\u00f5es Educacionais (Saed), que cuida da oferta das a\u00e7\u00f5es educacionais e eventos; e<\/li><li>Supervis\u00e3o de Fomento \u00e0 Pesquisa, Cultura e Inova\u00e7\u00e3o (Sipec), respons\u00e1vel por iniciativas de pesquisa, cultura e inova\u00e7\u00e3o.<\/li><\/ul>\t\t\t\t\t\t\t\t<\/div>\n\t\t\t\t<\/div>\n\t\t\t\t\t<\/div>\n\t\t\t\t<\/div>\n\t\t\t\t<\/div>\n\t\t","protected":false},"excerpt":{"rendered":"<p>A Coordenadoria de Educa\u00e7\u00e3o Corporativa (Ceduc) \u00e9 a unidade respons\u00e1vel por planejar e executar as a\u00e7\u00f5es de forma\u00e7\u00e3o e desenvolvimento da Escola de Contas. Seu trabalho est\u00e1 alinhado aos objetivos [&hellip;]<\/p>\n","protected":false},"author":136,"featured_media":0,"parent":0,"menu_order":0,"comment_status":"closed","ping_status":"closed","template":"","meta":{"_relevanssi_hide_post":"","_relevanssi_hide_content":"","_relevanssi_pin_for_all":"","_relevanssi_pin_keywords":"","_relevanssi_unpin_keywords":"","_relevanssi_related_keywords":"","_relevanssi_related_include_ids":"","_relevanssi_related_exclude_ids":"","_relevanssi_related_no_append":"","_relevanssi_related_not_related":"","_relevanssi_related_posts":"","_relevanssi_noindex_reason":"","footnotes":""},"class_list":["post-536","page","type-page","status-publish"],"_links":{"self":[{"href":"https:\/\/www2.tc.df.gov.br\/escon\/wp-json\/wp\/v2\/pages\/536","targetHints":{"allow":["GET"]}}],"collection":[{"href":"https:\/\/www2.tc.df.gov.br\/escon\/wp-json\/wp\/v2\/pages"}],"about":[{"href":"https:\/\/www2.tc.df.gov.br\/escon\/wp-json\/wp\/v2\/types\/page"}],"author":[{"embeddable":true,"href":"https:\/\/www2.tc.df.gov.br\/escon\/wp-json\/wp\/v2\/users\/136"}],"replies":[{"embeddable":true,"href":"https:\/\/www2.tc.df.gov.br\/escon\/wp-json\/wp\/v2\/comments?post=536"}],"version-history":[{"count":10,"href":"https:\/\/www2.tc.df.gov.br\/escon\/wp-json\/wp\/v2\/pages\/536\/revisions"}],"predecessor-version":[{"id":546,"href":"https:\/\/www2.tc.df.gov.br\/escon\/wp-json\/wp\/v2\/pages\/536\/revisions\/546"}],"wp:attachment":[{"href":"https:\/\/www2.tc.df.gov.br\/escon\/wp-json\/wp\/v2\/media?parent=536"}],"curies":[{"name":"wp","href":"https:\/\/api.w.org\/{rel}","templated":true}]}}