{"id":2213,"date":"2025-10-23T10:56:03","date_gmt":"2025-10-23T13:56:03","guid":{"rendered":"https:\/\/www2.tc.df.gov.br\/techweek\/?page_id=2213"},"modified":"2025-10-24T11:22:36","modified_gmt":"2025-10-24T14:22:36","slug":"faq","status":"publish","type":"page","link":"https:\/\/www2.tc.df.gov.br\/techweek\/faq\/","title":{"rendered":"FAQ"},"content":{"rendered":"<div class=\"wpb-content-wrapper\"><p>[vc_section css=&#8221;.vc_custom_1760645996077{background-color: #B5B5B5AD !important;}&#8221;][vc_row gap=&#8221;30&#8243; full_height=&#8221;yes&#8221; parallax=&#8221;content-moving&#8221; parallax_image=&#8221;1778&#8243; parallax_speed_bg=&#8221;0.2&#8243; css_animation=&#8221;fadeIn&#8221; evenz_negative=&#8221;true&#8221; css=&#8221;.vc_custom_1761227410384{padding-right: 15px !important;padding-left: 15px !important;background-position: center;background-repeat: no-repeat !important;background-size: cover !important;}&#8221; el_id=&#8221;section-form&#8221;][vc_column width=&#8221;1\/6&#8243; evenz_section=&#8221;true&#8221; css=&#8221;.vc_custom_1566800514755{padding-top: 100px !important;background-color: rgba(0,0,0,0.7) !important;*background-color: rgb(0,0,0) !important;}&#8221;][\/vc_column][vc_column width=&#8221;2\/3&#8243;]\t\t\t<hr class=\"evenz-spacer-l\">\n\t\t\t\t\t<hr class=\"evenz-spacer-s\">\n\t\t\n\t\t<div class=\"evenz-section-caption page-bigcaption evenz-section-caption--l\">\n\n\t\t\t\t\t\t\t<h6 class=\"evenz-caption evenz-gradtext\"><span>Perguntas e repostas<\/span><\/h6>\n\t\t\t\t\t\t\t\t<h2 id=\"evenztabsffcc-faq-game-lab\" class=\"evenz-center evenz-capfont evenz-evenztabsffcc-faq-game-lab evenz-txtfx-oslo-container evenz-textfx-wrap \">\n\t\t\t\t\t\t\t\t\t\t\t\t<span class=\"evenz-txtfx evenz-txtfx--oslo\" data-qtwaypoints-offset=\"50\" data-qtwaypoints >\n\t\t\t\t\t\t\t\t<span>F<\/span><span>A<\/span><span>Q<\/span><span> <\/span><span>G<\/span><span>A<\/span><span>M<\/span><span>E<\/span><span> <\/span><span>L<\/span><span>A<\/span><span>B<\/span>\t\t\t\t\t\t\t<\/span>\n\t\t\t\t\t\t\t\t\t\t\t<\/h2>\n\t\t\t\t\t\t<\/div>\n\t\t\t\t<div data-evenz-customstyles=\".evenz-evenztabsffcc-faq-game-lab .evenz-txtfx--oslo, .evenz-evenztabsffcc-faq-game-lab .evenz-evenztabsffcc-faq-game-lab .evenz-txtfx--oslo::before { color: rgba(255,255,255,0.01)}\n\t\t\t\t\t\t\t.evenz-evenztabsffcc-faq-game-lab .evenz-txtfx--oslo.evenz-active span  { color: #ffffff}\n\t\t\t\t\t\t\t.evenz-evenztabsffcc-faq-game-lab .evenz-txtfx--oslo::before { border-color: #EC9209}\"><\/div>\n\t\t\t\t\t<hr class=\"evenz-spacer-s\">\n\t\t[vc_column_text css=&#8221;&#8221;]<style>#sp-ea-2087 .spcollapsing { height: 0; overflow: hidden; transition-property: height;transition-duration: 300ms;}#sp-ea-2087.sp-easy-accordion>.sp-ea-single {margin-bottom: 5px; border: 0px solid #e2e2e2; }#sp-ea-2087.sp-easy-accordion>.sp-ea-single>.ea-header a {color: #ffffff;}#sp-ea-2087.sp-easy-accordion>.sp-ea-single>.sp-collapse>.ea-body {background: #ffffff; color: #444;}#sp-ea-2087.sp-easy-accordion>.sp-ea-single {background: #dda44d;}#sp-ea-2087.sp-easy-accordion>.sp-ea-single>.ea-header a .ea-expand-icon { float: left; color: #ffffff;font-size: 12px;}<\/style><div id=\"sp_easy_accordion-1761144575\"><div id=\"sp-ea-2087\" class=\"sp-ea-one sp-easy-accordion\" data-ea-active=\"ea-click\" data-ea-mode=\"vertical\" data-preloader=\"\" data-scroll-active-item=\"\" data-offset-to-scroll=\"0\"><div class=\"ea-card ea-expand sp-ea-single\"><h6 class=\"ea-header\"><a class=\"collapsed\" id=\"ea-header-20870\" role=\"button\" data-sptoggle=\"spcollapse\" data-sptarget=\"#collapse20870\" aria-controls=\"collapse20870\" href=\"#\" aria-expanded=\"true\" tabindex=\"0\"><i aria-hidden=\"true\" role=\"presentation\" class=\"ea-expand-icon eap-icon-ea-expand-minus\"><\/i> 1. Qual \u00e9 o objetivo principal do Game Lab? <\/a><\/h6><div class=\"sp-collapse spcollapse collapsed show\" id=\"collapse20870\" data-parent=\"#sp-ea-2087\" role=\"region\" aria-labelledby=\"ea-header-20870\"> <div class=\"ea-body\"><p>O Game Lab \u00e9 uma atividade interativa que incentiva a participa\u00e7\u00e3o dos visitantes por meio da coleta de QR Codes distribu\u00eddos em locais estrat\u00e9gicos do evento.<\/p><\/div><\/div><\/div><div class=\"ea-card sp-ea-single\"><h6 class=\"ea-header\"><a class=\"collapsed\" id=\"ea-header-20871\" role=\"button\" data-sptoggle=\"spcollapse\" data-sptarget=\"#collapse20871\" aria-controls=\"collapse20871\" href=\"#\" aria-expanded=\"false\" tabindex=\"0\"><i aria-hidden=\"true\" role=\"presentation\" class=\"ea-expand-icon eap-icon-ea-expand-plus\"><\/i> 2. Quem pode participar do Game Lab? <\/a><\/h6><div class=\"sp-collapse spcollapse \" id=\"collapse20871\" data-parent=\"#sp-ea-2087\" role=\"region\" aria-labelledby=\"ea-header-20871\"> <div class=\"ea-body\"><p>Todos os visitantes presentem no evento poder\u00e1 participar.<\/p><\/div><\/div><\/div><div class=\"ea-card sp-ea-single\"><h6 class=\"ea-header\"><a class=\"collapsed\" id=\"ea-header-20872\" role=\"button\" data-sptoggle=\"spcollapse\" data-sptarget=\"#collapse20872\" aria-controls=\"collapse20872\" href=\"#\" aria-expanded=\"false\" tabindex=\"0\"><i aria-hidden=\"true\" role=\"presentation\" class=\"ea-expand-icon eap-icon-ea-expand-plus\"><\/i> 3. O que \u00e9 necess\u00e1rio para participar do Game Lab? <\/a><\/h6><div class=\"sp-collapse spcollapse \" id=\"collapse20872\" data-parent=\"#sp-ea-2087\" role=\"region\" aria-labelledby=\"ea-header-20872\"> <div class=\"ea-body\"><p>\u00c9 necess\u00e1rio que o participante possua um equipamento com c\u00e2mera e acesso \u00e0 internet. O evento disponibilizar\u00e1 acesso \u00e0 internet, contando com uma experi\u00eancia Wi-Fi 7.<\/p><\/div><\/div><\/div><div class=\"ea-card sp-ea-single\"><h6 class=\"ea-header\"><a class=\"collapsed\" id=\"ea-header-20873\" role=\"button\" data-sptoggle=\"spcollapse\" data-sptarget=\"#collapse20873\" aria-controls=\"collapse20873\" href=\"#\" aria-expanded=\"false\" tabindex=\"0\"><i aria-hidden=\"true\" role=\"presentation\" class=\"ea-expand-icon eap-icon-ea-expand-plus\"><\/i> 4. Servidores do TCDF (Tribunal de Contas do Distrito Federal) e participantes externos t\u00eam regras diferentes para o registro de e-mail?<\/a><\/h6><div class=\"sp-collapse spcollapse \" id=\"collapse20873\" data-parent=\"#sp-ea-2087\" role=\"region\" aria-labelledby=\"ea-header-20873\"> <div class=\"ea-body\"><p>Sim. Servidores do TCDF devem utilizar o e-mail institucional. Participantes externos podem usar e-mails pessoais.<\/p><\/div><\/div><\/div><div class=\"ea-card sp-ea-single\"><h6 class=\"ea-header\"><a class=\"collapsed\" id=\"ea-header-20874\" role=\"button\" data-sptoggle=\"spcollapse\" data-sptarget=\"#collapse20874\" aria-controls=\"collapse20874\" href=\"#\" aria-expanded=\"false\" tabindex=\"0\"><i aria-hidden=\"true\" role=\"presentation\" class=\"ea-expand-icon eap-icon-ea-expand-plus\"><\/i> 5. Como funciona o mecanismo do Game Lab?<\/a><\/h6><div class=\"sp-collapse spcollapse \" id=\"collapse20874\" data-parent=\"#sp-ea-2087\" role=\"region\" aria-labelledby=\"ea-header-20874\"> <div class=\"ea-body\"><p>O Game Lab funciona como um \u00e1lbum de figurinhas digital. Cada QR Code escaneado preenche um espa\u00e7o no \u00e1lbum.<\/p><\/div><\/div><\/div><div class=\"ea-card sp-ea-single\"><h6 class=\"ea-header\"><a class=\"collapsed\" id=\"ea-header-20875\" role=\"button\" data-sptoggle=\"spcollapse\" data-sptarget=\"#collapse20875\" aria-controls=\"collapse20875\" href=\"#\" aria-expanded=\"false\" tabindex=\"0\"><i aria-hidden=\"true\" role=\"presentation\" class=\"ea-expand-icon eap-icon-ea-expand-plus\"><\/i> 6. Quantos QR Codes s\u00e3o necess\u00e1rios para completar o \u00e1lbum?<\/a><\/h6><div class=\"sp-collapse spcollapse \" id=\"collapse20875\" data-parent=\"#sp-ea-2087\" role=\"region\" aria-labelledby=\"ea-header-20875\"> <div class=\"ea-body\"><p>Para completar o \u00e1lbum, \u00e9 necess\u00e1rio\u00a0escanear um total de <strong>50 QR Codes<\/strong>.<\/p><\/div><\/div><\/div><div class=\"ea-card sp-ea-single\"><h6 class=\"ea-header\"><a class=\"collapsed\" id=\"ea-header-20876\" role=\"button\" data-sptoggle=\"spcollapse\" data-sptarget=\"#collapse20876\" aria-controls=\"collapse20876\" href=\"#\" aria-expanded=\"false\" tabindex=\"0\"><i aria-hidden=\"true\" role=\"presentation\" class=\"ea-expand-icon eap-icon-ea-expand-plus\"><\/i> 7. Onde os QR Codes estar\u00e3o dispon\u00edveis durante o evento? <\/a><\/h6><div class=\"sp-collapse spcollapse \" id=\"collapse20876\" data-parent=\"#sp-ea-2087\" role=\"region\" aria-labelledby=\"ea-header-20876\"> <div class=\"ea-body\"><p>Os QR Codes estar\u00e3o distribu\u00eddos da seguinte forma:<\/p><ul><li>Em todos estandes: 18 QR Codes<\/li><li>STI Experience: 5 QR Codes<\/li><li>Palestras (Teatro TechTalk, Audit\u00f3rio e no Caf\u00e9 e Tert\u00falia): 22 QR Codes<\/li><li>QR Codes Surpresa: 5<\/li><\/ul><\/div><\/div><\/div><div class=\"ea-card sp-ea-single\"><h6 class=\"ea-header\"><a class=\"collapsed\" id=\"ea-header-20877\" role=\"button\" data-sptoggle=\"spcollapse\" data-sptarget=\"#collapse20877\" aria-controls=\"collapse20877\" href=\"#\" aria-expanded=\"false\" tabindex=\"0\"><i aria-hidden=\"true\" role=\"presentation\" class=\"ea-expand-icon eap-icon-ea-expand-plus\"><\/i> 8. \u00c9 permitido escanear o mesmo QR Code mais de uma vez?<\/a><\/h6><div class=\"sp-collapse spcollapse \" id=\"collapse20877\" data-parent=\"#sp-ea-2087\" role=\"region\" aria-labelledby=\"ea-header-20877\"> <div class=\"ea-body\"><p>N\u00e3o ser\u00e1 permitido escanear o mesmo QR Code mais de uma vez.<\/p><\/div><\/div><\/div><div class=\"ea-card sp-ea-single\"><h6 class=\"ea-header\"><a class=\"collapsed\" id=\"ea-header-20878\" role=\"button\" data-sptoggle=\"spcollapse\" data-sptarget=\"#collapse20878\" aria-controls=\"collapse20878\" href=\"#\" aria-expanded=\"false\" tabindex=\"0\"><i aria-hidden=\"true\" role=\"presentation\" class=\"ea-expand-icon eap-icon-ea-expand-plus\"><\/i> 9. O que acontece se o participante escanear o mesmo QR Code acidentalmente?<\/a><\/h6><div class=\"sp-collapse spcollapse \" id=\"collapse20878\" data-parent=\"#sp-ea-2087\" role=\"region\" aria-labelledby=\"ea-header-20878\"> <div class=\"ea-body\"><p>Se o participante escanear o mesmo QR Code e fornecer o mesmo e-mail, o registro anterior ser\u00e1 atualizado, mas <strong>n\u00e3o ser\u00e1 registrado em duplicidade<\/strong>.<\/p><\/div><\/div><\/div><div class=\"ea-card sp-ea-single\"><h6 class=\"ea-header\"><a class=\"collapsed\" id=\"ea-header-20879\" role=\"button\" data-sptoggle=\"spcollapse\" data-sptarget=\"#collapse20879\" aria-controls=\"collapse20879\" href=\"#\" aria-expanded=\"false\" tabindex=\"0\"><i aria-hidden=\"true\" role=\"presentation\" class=\"ea-expand-icon eap-icon-ea-expand-plus\"><\/i> 10. Quais s\u00e3o os pr\u00eamios para os participantes que completarem o \u00e1lbum?<\/a><\/h6><div class=\"sp-collapse spcollapse \" id=\"collapse20879\" data-parent=\"#sp-ea-2087\" role=\"region\" aria-labelledby=\"ea-header-20879\"> <div class=\"ea-body\"><p>Os 30 primeiros participantes que completarem o \u00e1lbum receber\u00e3o brindes e participar\u00e3o dos sorteios finais.<\/p><\/div><\/div><\/div><div class=\"ea-card sp-ea-single\"><h6 class=\"ea-header\"><a class=\"collapsed\" id=\"ea-header-208710\" role=\"button\" data-sptoggle=\"spcollapse\" data-sptarget=\"#collapse208710\" aria-controls=\"collapse208710\" href=\"#\" aria-expanded=\"false\" tabindex=\"0\"><i aria-hidden=\"true\" role=\"presentation\" class=\"ea-expand-icon eap-icon-ea-expand-plus\"><\/i> 11. O que \u00e9 o \"M\u00ednimo Necess\u00e1rio\" e qual sua fun\u00e7\u00e3o? <\/a><\/h6><div class=\"sp-collapse spcollapse \" id=\"collapse208710\" data-parent=\"#sp-ea-2087\" role=\"region\" aria-labelledby=\"ea-header-208710\"> <div class=\"ea-body\"><p>O \"M\u00ednimo Necess\u00e1rio\" \u00e9 o requisito de leitura de QR Codes que habilita o participante automaticamente nos sorteios finais.<\/p><\/div><\/div><\/div><div class=\"ea-card sp-ea-single\"><h6 class=\"ea-header\"><a class=\"collapsed\" id=\"ea-header-208711\" role=\"button\" data-sptoggle=\"spcollapse\" data-sptarget=\"#collapse208711\" aria-controls=\"collapse208711\" href=\"#\" aria-expanded=\"false\" tabindex=\"0\"><i aria-hidden=\"true\" role=\"presentation\" class=\"ea-expand-icon eap-icon-ea-expand-plus\"><\/i> 12. Como o participante atinge o \"M\u00ednimo Necess\u00e1rio\" para os sorteios?<\/a><\/h6><div class=\"sp-collapse spcollapse \" id=\"collapse208711\" data-parent=\"#sp-ea-2087\" role=\"region\" aria-labelledby=\"ea-header-208711\"> <div class=\"ea-body\"><p>Para atingir o M\u00ednimo Necess\u00e1rio, \u00e9 obrigat\u00f3ria a leitura dos seguintes QR Codes, totalizando <strong>26 QR Codes<\/strong>:<\/p><ul><li>Todos os QR Codes dos estandes (18).<\/li><li>Todos os QR Codes dos STI Experience (5).<\/li><li>No m\u00ednimo, 03 (tr\u00eas) palestras.<\/li><\/ul><\/div><\/div><\/div><div class=\"ea-card sp-ea-single\"><h6 class=\"ea-header\"><a class=\"collapsed\" id=\"ea-header-208712\" role=\"button\" data-sptoggle=\"spcollapse\" data-sptarget=\"#collapse208712\" aria-controls=\"collapse208712\" href=\"#\" aria-expanded=\"false\" tabindex=\"0\"><i aria-hidden=\"true\" role=\"presentation\" class=\"ea-expand-icon eap-icon-ea-expand-plus\"><\/i> 13. O participante \u00e9 avisado quando atinge o M\u00ednimo Necess\u00e1rio?<\/a><\/h6><div class=\"sp-collapse spcollapse \" id=\"collapse208712\" data-parent=\"#sp-ea-2087\" role=\"region\" aria-labelledby=\"ea-header-208712\"> <div class=\"ea-body\"><p>Sim. Quando o M\u00ednimo Necess\u00e1rio (26 QR Codes) for alcan\u00e7ado, um aviso ser\u00e1 apresentado automaticamente, informando sobre a participa\u00e7\u00e3o nos sorteios finais.<\/p><\/div><\/div><\/div><div class=\"ea-card sp-ea-single\"><h6 class=\"ea-header\"><a class=\"collapsed\" id=\"ea-header-208713\" role=\"button\" data-sptoggle=\"spcollapse\" data-sptarget=\"#collapse208713\" aria-controls=\"collapse208713\" href=\"#\" aria-expanded=\"false\" tabindex=\"0\"><i aria-hidden=\"true\" role=\"presentation\" class=\"ea-expand-icon eap-icon-ea-expand-plus\"><\/i> 14. Quando e onde acontecer\u00e3o os sorteios finais?<\/a><\/h6><div class=\"sp-collapse spcollapse \" id=\"collapse208713\" data-parent=\"#sp-ea-2087\" role=\"region\" aria-labelledby=\"ea-header-208713\"> <div class=\"ea-body\"><p>Os sorteios finais acontecer\u00e3o no <strong>Momento Game Lab da sexta-feira, 07 de novembro, das 18 \u00e0s 19 horas<\/strong>, no palco do <strong>teatro Tech Talk<\/strong>.<\/p><\/div><\/div><\/div><div class=\"ea-card sp-ea-single\"><h6 class=\"ea-header\"><a class=\"collapsed\" id=\"ea-header-208714\" role=\"button\" data-sptoggle=\"spcollapse\" data-sptarget=\"#collapse208714\" aria-controls=\"collapse208714\" href=\"#\" aria-expanded=\"false\" tabindex=\"0\"><i aria-hidden=\"true\" role=\"presentation\" class=\"ea-expand-icon eap-icon-ea-expand-plus\"><\/i> 15. \u00c9 obrigat\u00f3rio estar presente para receber o pr\u00eamio do sorteio?<\/a><\/h6><div class=\"sp-collapse spcollapse \" id=\"collapse208714\" data-parent=\"#sp-ea-2087\" role=\"region\" aria-labelledby=\"ea-header-208714\"> <div class=\"ea-body\"><p>Sim. <strong>S\u00f3 ser\u00e3o contemplados os sorteados que estiverem presencialmente<\/strong> no teatro Tech Talk no momento do sorteio.<\/p><\/div><\/div><\/div><div class=\"ea-card sp-ea-single\"><h6 class=\"ea-header\"><a class=\"collapsed\" id=\"ea-header-208715\" role=\"button\" data-sptoggle=\"spcollapse\" data-sptarget=\"#collapse208715\" aria-controls=\"collapse208715\" href=\"#\" aria-expanded=\"false\" tabindex=\"0\"><i aria-hidden=\"true\" role=\"presentation\" class=\"ea-expand-icon eap-icon-ea-expand-plus\"><\/i> 16. Onde consultar a lista de pr\u00eamios que ser\u00e3o sorteados?<\/a><\/h6><div class=\"sp-collapse spcollapse \" id=\"collapse208715\" data-parent=\"#sp-ea-2087\" role=\"region\" aria-labelledby=\"ea-header-208715\"> <div class=\"ea-body\"><p>A lista estar\u00e1 dispon\u00edvel no site oficial do evento:<br \/>https:\/\/tc.df.gov.br\/techweek, no menu <strong>Game Lab<\/strong>.<\/p><\/div><\/div><\/div><div class=\"ea-card sp-ea-single\"><h6 class=\"ea-header\"><a class=\"collapsed\" id=\"ea-header-208716\" role=\"button\" data-sptoggle=\"spcollapse\" data-sptarget=\"#collapse208716\" aria-controls=\"collapse208716\" href=\"#\" aria-expanded=\"false\" tabindex=\"0\"><i aria-hidden=\"true\" role=\"presentation\" class=\"ea-expand-icon eap-icon-ea-expand-plus\"><\/i> 17. O que acontece em caso de tentativa de fraude?<\/a><\/h6><div class=\"sp-collapse spcollapse \" id=\"collapse208716\" data-parent=\"#sp-ea-2087\" role=\"region\" aria-labelledby=\"ea-header-208716\"> <div class=\"ea-body\"><p>Qualquer tentativa de fraude, como o uso indevido de QR Codes ou manipula\u00e7\u00e3o de registros, resultar\u00e1 na <strong>desclassifica\u00e7\u00e3o imediata<\/strong> do participante, sem direito \u00e0 premia\u00e7\u00e3o ou participa\u00e7\u00e3o nos sorteios.<\/p><\/div><\/div><\/div><div class=\"ea-card sp-ea-single\"><h6 class=\"ea-header\"><a class=\"collapsed\" id=\"ea-header-208717\" role=\"button\" data-sptoggle=\"spcollapse\" data-sptarget=\"#collapse208717\" aria-controls=\"collapse208717\" href=\"#\" aria-expanded=\"false\" tabindex=\"0\"><i aria-hidden=\"true\" role=\"presentation\" class=\"ea-expand-icon eap-icon-ea-expand-plus\"><\/i> 18. A organiza\u00e7\u00e3o pode alterar as regras do Game Lab?<\/a><\/h6><div class=\"sp-collapse spcollapse \" id=\"collapse208717\" data-parent=\"#sp-ea-2087\" role=\"region\" aria-labelledby=\"ea-header-208717\"> <div class=\"ea-body\"><p>Sim. A organiza\u00e7\u00e3o reserva-se o direito de alterar as regras conforme necess\u00e1rio.<\/p><\/div><\/div><\/div><\/div><\/div>[\/vc_column_text]\t\t\t<hr class=\"evenz-spacer-m\">\n\t\t <p class=\"aligncenter\"><a href=\"https:\/\/www2.tc.df.gov.br\/techweek\/gamelab\/\"  \n\t\tclass=\"evenz-btn evenz-btn-primary aligncenter  \"><span>GAME LAB<\/span><\/a><\/p>\t\t\t<hr class=\"evenz-spacer-s\">\n\t\t\t\t\t<hr class=\"evenz-spacer-s\">\n\t\t[\/vc_column][vc_column width=&#8221;1\/6&#8243;][\/vc_column][\/vc_row][vc_row css=&#8221;.vc_custom_1761159048542{background: #E4E4E4 url(http:\/\/www2.tc.df.gov.br\/techweek\/wp-content\/uploads\/sites\/26\/2025\/10\/sep09-scaled.jpg?id=1778) !important;}&#8221;][vc_column width=&#8221;1\/6&#8243;][\/vc_column][vc_column width=&#8221;2\/3&#8243;][\/vc_column][vc_column width=&#8221;1\/6&#8243;][\/vc_column][\/vc_row][\/vc_section]<\/p>\n<\/div>","protected":false},"excerpt":{"rendered":"<p>[vc_section css=&#8221;.vc_custom_1760645996077{background-color: #B5B5B5AD !important;}&#8221;][vc_row gap=&#8221;30&#8243; full_height=&#8221;yes&#8221; parallax=&#8221;content-moving&#8221; parallax_image=&#8221;1778&#8243; parallax_speed_bg=&#8221;0.2&#8243; css_animation=&#8221;fadeIn&#8221; evenz_negative=&#8221;true&#8221; css=&#8221;.vc_custom_1761227410384{padding-right: 15px !important;padding-left: 15px !important;background-position: center;background-repeat: no-repeat !important;background-size: cover !important;}&#8221; el_id=&#8221;section-form&#8221;][vc_column width=&#8221;1\/6&#8243; evenz_section=&#8221;true&#8221; css=&#8221;.vc_custom_1566800514755{padding-top: 100px !important;background-color: rgba(0,0,0,0.7) !important;*background-color: rgb(0,0,0) !important;}&#8221;][\/vc_column][vc_column width=&#8221;2\/3&#8243;][vc_column_text css=&#8221;&#8221;][\/vc_column_text][\/vc_column][vc_column width=&#8221;1\/6&#8243;][\/vc_column][\/vc_row][vc_row css=&#8221;.vc_custom_1761159048542{background: #E4E4E4 url(http:\/\/www2.tc.df.gov.br\/techweek\/wp-content\/uploads\/sites\/26\/2025\/10\/sep09-scaled.jpg?id=1778) !important;}&#8221;][vc_column width=&#8221;1\/6&#8243;][\/vc_column][vc_column width=&#8221;2\/3&#8243;][\/vc_column][vc_column width=&#8221;1\/6&#8243;][\/vc_column][\/vc_row][\/vc_section]<\/p>\n","protected":false},"author":138,"featured_media":0,"parent":0,"menu_order":0,"comment_status":"closed","ping_status":"closed","template":"page-fullwidth.php","meta":{"_acf_changed":false,"_relevanssi_hide_post":"","_relevanssi_hide_content":"","_relevanssi_pin_for_all":"","_relevanssi_pin_keywords":"","_relevanssi_unpin_keywords":"","_relevanssi_related_keywords":"","_relevanssi_related_include_ids":"","_relevanssi_related_exclude_ids":"","_relevanssi_related_no_append":"","_relevanssi_related_not_related":"","_relevanssi_related_posts":"","_relevanssi_noindex_reason":"","footnotes":""},"class_list":["post-2213","page","type-page","status-publish","hentry"],"acf":[],"_links":{"self":[{"href":"https:\/\/www2.tc.df.gov.br\/techweek\/wp-json\/wp\/v2\/pages\/2213","targetHints":{"allow":["GET"]}}],"collection":[{"href":"https:\/\/www2.tc.df.gov.br\/techweek\/wp-json\/wp\/v2\/pages"}],"about":[{"href":"https:\/\/www2.tc.df.gov.br\/techweek\/wp-json\/wp\/v2\/types\/page"}],"author":[{"embeddable":true,"href":"https:\/\/www2.tc.df.gov.br\/techweek\/wp-json\/wp\/v2\/users\/138"}],"replies":[{"embeddable":true,"href":"https:\/\/www2.tc.df.gov.br\/techweek\/wp-json\/wp\/v2\/comments?post=2213"}],"version-history":[{"count":11,"href":"https:\/\/www2.tc.df.gov.br\/techweek\/wp-json\/wp\/v2\/pages\/2213\/revisions"}],"predecessor-version":[{"id":2333,"href":"https:\/\/www2.tc.df.gov.br\/techweek\/wp-json\/wp\/v2\/pages\/2213\/revisions\/2333"}],"wp:attachment":[{"href":"https:\/\/www2.tc.df.gov.br\/techweek\/wp-json\/wp\/v2\/media?parent=2213"}],"curies":[{"name":"wp","href":"https:\/\/api.w.org\/{rel}","templated":true}]}}